{"id":82,"date":"2015-05-12T16:53:55","date_gmt":"2015-05-12T16:53:55","guid":{"rendered":"https:\/\/www.ff-oberrosenberg.at\/www\/?page_id=82"},"modified":"2019-12-23T09:42:52","modified_gmt":"2019-12-23T08:42:52","slug":"blog","status":"publish","type":"page","link":"https:\/\/www.ff-oberrosenberg.at\/www\/blog\/","title":{"rendered":"Neuigkeiten"},"content":{"rendered":"<div class=\"fusion-fullwidth fullwidth-box fusion-builder-row-1 hundred-percent-fullwidth non-hundred-percent-height-scrolling\" style=\"background-color: #242424;background-position: left top;background-repeat: no-repeat;padding-top:80px;padding-right:10%;padding-bottom:100px;padding-left:10%;margin-bottom: 0px;margin-top: 0px;border-width: 0px 0px 0px 0px;border-color:#3e3e3e;border-style:solid;\" ><div class=\"fusion-builder-row fusion-row\"><div class=\"fusion-layout-column fusion_builder_column fusion-builder-column-0 fusion_builder_column_1_1 1_1 fusion-one-full fusion-column-first fusion-column-last fusion-column-no-min-height\" style=\"margin-top:0px;margin-bottom:0px;\"><div class=\"fusion-column-wrapper fusion-flex-column-wrapper-legacy\" style=\"background-position:left top;background-repeat:no-repeat;-webkit-background-size:cover;-moz-background-size:cover;-o-background-size:cover;background-size:cover;padding: 0px 0px 0px 0px;\"><div class=\"fusion-blog-shortcode fusion-blog-shortcode-1 fusion-blog-archive fusion-blog-layout-grid-wrapper fusion-blog-infinite\"><style type=\"text\/css\">.fusion-blog-shortcode-1 .fusion-blog-layout-grid .fusion-post-grid{padding:20px;}.fusion-blog-shortcode-1 .fusion-posts-container{margin-left: -20px !important; margin-right:-20px !important;}<\/style><div class=\"fusion-posts-container fusion-posts-container-infinite fusion-no-meta-info fusion-blog-rollover fusion-blog-layout-grid fusion-blog-layout-grid-3 isotope\" data-pages=\"15\" data-grid-col-space=\"40\" style=\"margin: -20px -20px 0;min-height:500px;\"><article id=\"blog-1-post-1872\" class=\"fusion-post-grid post-1872 post type-post status-publish format-standard has-post-thumbnail hentry category-allgemein category-veranstaltungen\">\n<div class=\"fusion-post-wrapper\" style=\"background-color:rgba(255,255,255,0);border:1px solid #3e3e3e;border-bottom-width:3px;\">\n\n\t\t\t<div class=\"fusion-flexslider flexslider fusion-flexslider-loading fusion-post-slideshow\" style=\"border-color:#3e3e3e;\">\n\t\t<ul class=\"slides\">\n\t\t\t\n\t\t\t\t\t\t\t\t\t\t\t\t\t\t<li><div  class=\"fusion-image-wrapper\" aria-haspopup=\"true\">\n\t\t\t\t<img decoding=\"async\" width=\"905\" height=\"1280\" src=\"https:\/\/www.ff-oberrosenberg.at\/www\/wp-content\/uploads\/2024\/02\/unnamed.jpg\" class=\"attachment-full size-full lazyload wp-post-image\" alt=\"\" srcset=\"data:image\/svg+xml,%3Csvg%20xmlns%3D%27http%3A%2F%2Fwww.w3.org%2F2000%2Fsvg%27%20width%3D%27905%27%20height%3D%271280%27%20viewBox%3D%270%200%20905%201280%27%3E%3Crect%20width%3D%27905%27%20height%3D%271280%27%20fill-opacity%3D%220%22%2F%3E%3C%2Fsvg%3E\" data-orig-src=\"https:\/\/www.ff-oberrosenberg.at\/www\/wp-content\/uploads\/2024\/02\/unnamed.jpg\" data-srcset=\"https:\/\/www.ff-oberrosenberg.at\/www\/wp-content\/uploads\/2024\/02\/unnamed-200x283.jpg 200w, https:\/\/www.ff-oberrosenberg.at\/www\/wp-content\/uploads\/2024\/02\/unnamed-400x566.jpg 400w, https:\/\/www.ff-oberrosenberg.at\/www\/wp-content\/uploads\/2024\/02\/unnamed-600x849.jpg 600w, https:\/\/www.ff-oberrosenberg.at\/www\/wp-content\/uploads\/2024\/02\/unnamed-800x1131.jpg 800w, https:\/\/www.ff-oberrosenberg.at\/www\/wp-content\/uploads\/2024\/02\/unnamed.jpg 905w\" data-sizes=\"auto\" \/><div class=\"fusion-rollover\">\n\t<div class=\"fusion-rollover-content\">\n\n\t\t\t\t\t\t\t\t\t\t\t\t\t\t<a class=\"fusion-rollover-link\" href=\"https:\/\/www.ff-oberrosenberg.at\/www\/2024\/02\/11\/fetzenmarkt-oberrosenberg-30-31-august-2024\/\">Fetzenmarkt Oberrosenberg 30. &#8211; 31.August 2024<\/a>\n\t\t\t\n\t\t\t\t\t\t\t\t\t\t\t\t\t\t\n\t\t\t\t\t\t\t\t\n\t\t\t\t\t\t\t\t\t\t\t\t\t<div class=\"fusion-rollover-sep\"><\/div>\n\t\t\t\t\n\t\t\t\t\t\t\t\t\t\t\t\t\t\t\t\t\t\t<a class=\"fusion-rollover-gallery\" href=\"https:\/\/www.ff-oberrosenberg.at\/www\/wp-content\/uploads\/2024\/02\/unnamed.jpg\" data-id=\"1872\" data-rel=\"iLightbox[gallery]\" data-title=\"unnamed\" data-caption=\"\">\n\t\t\t\t\t\tGallerie\t\t\t\t\t<\/a>\n\t\t\t\t\t\t\t\t\t\t\t\t\t\t\n\t\t\n\t\t\t\t\t\t\t\t\n\t\t\t\t\t\t\t\t\n\t\t\n\t\t\t\t\t\t<a class=\"fusion-link-wrapper\" href=\"https:\/\/www.ff-oberrosenberg.at\/www\/2024\/02\/11\/fetzenmarkt-oberrosenberg-30-31-august-2024\/\" aria-label=\"Fetzenmarkt Oberrosenberg 30. &#8211; 31.August 2024\"><\/a>\n\t<\/div>\n<\/div>\n<\/div>\n<\/li>\n\t\t\t\n\t\t\t\n\t\t\t\t\t\t\t\t\t\t\t\t\t\t\t\t\t\t\t\t\t\t\t\t\t\t\t\t\t\t\t\t\t\t\t\t\t\t\t\t\t\t\t\t\t\t\t\t\t\t\t\t\t\t\t\t\t\t\t\t\t\t\t\t\t\t\t\t<\/ul>\n\t<\/div>\n\t<div class=\"fusion-post-content-wrapper\" style=\"padding:30px 25px 20px 25px;\"><div class=\"fusion-post-content post-content\"><h2 class=\"blog-shortcode-post-title entry-title\"><a href=\"https:\/\/www.ff-oberrosenberg.at\/www\/2024\/02\/11\/fetzenmarkt-oberrosenberg-30-31-august-2024\/\">Fetzenmarkt Oberrosenberg 30. &#8211; 31.August 2024<\/a><\/h2><div class=\"fusion-post-content-container\"><p> Der diesj\u00e4hrige Fetzenmarkt der Freiwilligen Feuerwehr Oberrosenberg findet vom 30. August ab 17:00 Uhr und am 31.August ab 09:00 Uhr statt.    <\/p><\/div><\/div><\/div><div class=\"fusion-clearfix\"><\/div><\/div>\n<\/article>\n<article id=\"blog-1-post-1912\" class=\"fusion-post-grid post-1912 post type-post status-publish format-standard has-post-thumbnail hentry category-aktuell category-veranstaltungen\">\n<div class=\"fusion-post-wrapper\" style=\"background-color:rgba(255,255,255,0);border:1px solid #3e3e3e;border-bottom-width:3px;\">\n\n\t\t\t<div class=\"fusion-flexslider flexslider fusion-flexslider-loading fusion-post-slideshow\" style=\"border-color:#3e3e3e;\">\n\t\t<ul class=\"slides\">\n\t\t\t\n\t\t\t\t\t\t\t\t\t\t\t\t\t\t<li><div  class=\"fusion-image-wrapper\" aria-haspopup=\"true\">\n\t\t\t\t<img decoding=\"async\" width=\"2560\" height=\"1381\" src=\"https:\/\/www.ff-oberrosenberg.at\/www\/wp-content\/uploads\/2024\/02\/DSC_0422-scaled.jpg\" class=\"attachment-full size-full lazyload wp-post-image\" alt=\"\" srcset=\"data:image\/svg+xml,%3Csvg%20xmlns%3D%27http%3A%2F%2Fwww.w3.org%2F2000%2Fsvg%27%20width%3D%272560%27%20height%3D%271381%27%20viewBox%3D%270%200%202560%201381%27%3E%3Crect%20width%3D%272560%27%20height%3D%271381%27%20fill-opacity%3D%220%22%2F%3E%3C%2Fsvg%3E\" data-orig-src=\"https:\/\/www.ff-oberrosenberg.at\/www\/wp-content\/uploads\/2024\/02\/DSC_0422-scaled.jpg\" data-srcset=\"https:\/\/www.ff-oberrosenberg.at\/www\/wp-content\/uploads\/2024\/02\/DSC_0422-200x108.jpg 200w, https:\/\/www.ff-oberrosenberg.at\/www\/wp-content\/uploads\/2024\/02\/DSC_0422-400x216.jpg 400w, https:\/\/www.ff-oberrosenberg.at\/www\/wp-content\/uploads\/2024\/02\/DSC_0422-600x324.jpg 600w, https:\/\/www.ff-oberrosenberg.at\/www\/wp-content\/uploads\/2024\/02\/DSC_0422-800x432.jpg 800w, https:\/\/www.ff-oberrosenberg.at\/www\/wp-content\/uploads\/2024\/02\/DSC_0422-1200x647.jpg 1200w, https:\/\/www.ff-oberrosenberg.at\/www\/wp-content\/uploads\/2024\/02\/DSC_0422-scaled.jpg 2560w\" data-sizes=\"auto\" \/><div class=\"fusion-rollover\">\n\t<div class=\"fusion-rollover-content\">\n\n\t\t\t\t\t\t\t\t\t\t\t\t\t\t<a class=\"fusion-rollover-link\" href=\"https:\/\/www.ff-oberrosenberg.at\/www\/2024\/01\/06\/wehrversammlung-2024\/\">Wehrversammlung 2024<\/a>\n\t\t\t\n\t\t\t\t\t\t\t\t\t\t\t\t\t\t\n\t\t\t\t\t\t\t\t\n\t\t\t\t\t\t\t\t\t\t\t\t\t<div class=\"fusion-rollover-sep\"><\/div>\n\t\t\t\t\n\t\t\t\t\t\t\t\t\t\t\t\t\t\t\t\t\t\t<a class=\"fusion-rollover-gallery\" href=\"https:\/\/www.ff-oberrosenberg.at\/www\/wp-content\/uploads\/2024\/02\/DSC_0422-scaled.jpg\" data-id=\"1912\" data-rel=\"iLightbox[gallery]\" data-title=\"DSC_0422\" data-caption=\"\">\n\t\t\t\t\t\tGallerie\t\t\t\t\t<\/a>\n\t\t\t\t\t\t\t\t\t\t\t\t\t\t\n\t\t\n\t\t\t\t\t\t\t\t\n\t\t\t\t\t\t\t\t\n\t\t\n\t\t\t\t\t\t<a class=\"fusion-link-wrapper\" href=\"https:\/\/www.ff-oberrosenberg.at\/www\/2024\/01\/06\/wehrversammlung-2024\/\" aria-label=\"Wehrversammlung 2024\"><\/a>\n\t<\/div>\n<\/div>\n<\/div>\n<\/li>\n\t\t\t\n\t\t\t\n\t\t\t\t\t\t\t\t\t\t\t\t\t\t\t\t\t\t\t\t\t\t\t\t\t\t\t\t\t\t\t\t\t\t\t\t\t\t\t\t\t\t\t\t\t\t\t\t\t\t\t\t\t\t\t\t\t\t\t\t\t\t\t\t\t\t\t\t<\/ul>\n\t<\/div>\n\t<div class=\"fusion-post-content-wrapper\" style=\"padding:30px 25px 20px 25px;\"><div class=\"fusion-post-content post-content\"><h2 class=\"blog-shortcode-post-title entry-title\"><a href=\"https:\/\/www.ff-oberrosenberg.at\/www\/2024\/01\/06\/wehrversammlung-2024\/\">Wehrversammlung 2024<\/a><\/h2><div class=\"fusion-post-content-container\"><p> Foto Album    <\/p><\/div><\/div><\/div><div class=\"fusion-clearfix\"><\/div><\/div>\n<\/article>\n<article id=\"blog-1-post-1876\" class=\"fusion-post-grid post-1876 post type-post status-publish format-standard has-post-thumbnail hentry category-allgemein\">\n<div class=\"fusion-post-wrapper\" style=\"background-color:rgba(255,255,255,0);border:1px solid #3e3e3e;border-bottom-width:3px;\">\n\n\t\t\t<div class=\"fusion-flexslider flexslider fusion-flexslider-loading fusion-post-slideshow\" style=\"border-color:#3e3e3e;\">\n\t\t<ul class=\"slides\">\n\t\t\t\n\t\t\t\t\t\t\t\t\t\t\t\t\t\t<li><div  class=\"fusion-image-wrapper\" aria-haspopup=\"true\">\n\t\t\t\t<img decoding=\"async\" width=\"1024\" height=\"617\" src=\"https:\/\/www.ff-oberrosenberg.at\/www\/wp-content\/uploads\/2024\/02\/Designer.jpeg\" class=\"attachment-full size-full lazyload wp-post-image\" alt=\"\" srcset=\"data:image\/svg+xml,%3Csvg%20xmlns%3D%27http%3A%2F%2Fwww.w3.org%2F2000%2Fsvg%27%20width%3D%271024%27%20height%3D%27617%27%20viewBox%3D%270%200%201024%20617%27%3E%3Crect%20width%3D%271024%27%20height%3D%27617%27%20fill-opacity%3D%220%22%2F%3E%3C%2Fsvg%3E\" data-orig-src=\"https:\/\/www.ff-oberrosenberg.at\/www\/wp-content\/uploads\/2024\/02\/Designer.jpeg\" data-srcset=\"https:\/\/www.ff-oberrosenberg.at\/www\/wp-content\/uploads\/2024\/02\/Designer-200x121.jpeg 200w, https:\/\/www.ff-oberrosenberg.at\/www\/wp-content\/uploads\/2024\/02\/Designer-400x241.jpeg 400w, https:\/\/www.ff-oberrosenberg.at\/www\/wp-content\/uploads\/2024\/02\/Designer-600x362.jpeg 600w, https:\/\/www.ff-oberrosenberg.at\/www\/wp-content\/uploads\/2024\/02\/Designer-800x482.jpeg 800w, https:\/\/www.ff-oberrosenberg.at\/www\/wp-content\/uploads\/2024\/02\/Designer.jpeg 1024w\" data-sizes=\"auto\" \/><div class=\"fusion-rollover\">\n\t<div class=\"fusion-rollover-content\">\n\n\t\t\t\t\t\t\t\t\t\t\t\t\t\t<a class=\"fusion-rollover-link\" href=\"https:\/\/www.ff-oberrosenberg.at\/www\/2024\/01\/01\/das-abgelaufene-jahr-2023\/\">Das abgelaufene Jahr 2023<\/a>\n\t\t\t\n\t\t\t\t\t\t\t\t\t\t\t\t\t\t\n\t\t\t\t\t\t\t\t\n\t\t\t\t\t\t\t\t\t\t\t\t\t<div class=\"fusion-rollover-sep\"><\/div>\n\t\t\t\t\n\t\t\t\t\t\t\t\t\t\t\t\t\t\t\t\t\t\t<a class=\"fusion-rollover-gallery\" href=\"https:\/\/www.ff-oberrosenberg.at\/www\/wp-content\/uploads\/2024\/02\/Designer.jpeg\" data-id=\"1876\" data-rel=\"iLightbox[gallery]\" data-title=\"Designer\" data-caption=\"\">\n\t\t\t\t\t\tGallerie\t\t\t\t\t<\/a>\n\t\t\t\t\t\t\t\t\t\t\t\t\t\t\n\t\t\n\t\t\t\t\t\t\t\t\n\t\t\t\t\t\t\t\t\n\t\t\n\t\t\t\t\t\t<a class=\"fusion-link-wrapper\" href=\"https:\/\/www.ff-oberrosenberg.at\/www\/2024\/01\/01\/das-abgelaufene-jahr-2023\/\" aria-label=\"Das abgelaufene Jahr 2023\"><\/a>\n\t<\/div>\n<\/div>\n<\/div>\n<\/li>\n\t\t\t\n\t\t\t\n\t\t\t\t\t\t\t\t\t\t\t\t\t\t\t\t\t\t\t\t\t\t\t\t\t\t\t\t\t\t\t\t\t\t\t\t\t\t\t\t\t\t\t\t\t\t\t\t\t\t\t\t\t\t\t\t\t\t\t\t\t\t\t\t\t\t\t\t<\/ul>\n\t<\/div>\n\t<div class=\"fusion-post-content-wrapper\" style=\"padding:30px 25px 20px 25px;\"><div class=\"fusion-post-content post-content\"><h2 class=\"blog-shortcode-post-title entry-title\"><a href=\"https:\/\/www.ff-oberrosenberg.at\/www\/2024\/01\/01\/das-abgelaufene-jahr-2023\/\">Das abgelaufene Jahr 2023<\/a><\/h2><div class=\"fusion-post-content-container\"><p> Das Abgelaufene Jahr war sehr herausfordernd. Die Wetter kapriolen werden immer herausfordernder. Unsere Eins\u00e4tze sind Haupts\u00e4chlich darauf zur\u00fcckzuf\u00fchren. Umgeworfene B\u00e4ume und das viele Wasser. Bei dem gro\u00dfen Hochwasser Anfang August das bei uns haupts\u00e4chlich [...]<\/p><\/div><\/div><\/div><div class=\"fusion-clearfix\"><\/div><\/div>\n<\/article>\n<article id=\"blog-1-post-1929\" class=\"fusion-post-grid post-1929 post type-post status-publish format-standard has-post-thumbnail hentry category-veranstaltungen\">\n<div class=\"fusion-post-wrapper\" style=\"background-color:rgba(255,255,255,0);border:1px solid #3e3e3e;border-bottom-width:3px;\">\n\n\t\t\t<div class=\"fusion-flexslider flexslider fusion-flexslider-loading fusion-post-slideshow\" style=\"border-color:#3e3e3e;\">\n\t\t<ul class=\"slides\">\n\t\t\t\n\t\t\t\t\t\t\t\t\t\t\t\t\t\t<li><div  class=\"fusion-image-wrapper\" aria-haspopup=\"true\">\n\t\t\t\t<img decoding=\"async\" width=\"2560\" height=\"1920\" src=\"https:\/\/www.ff-oberrosenberg.at\/www\/wp-content\/uploads\/2024\/02\/20231208_133658-scaled.jpg\" class=\"attachment-full size-full lazyload wp-post-image\" alt=\"\" srcset=\"data:image\/svg+xml,%3Csvg%20xmlns%3D%27http%3A%2F%2Fwww.w3.org%2F2000%2Fsvg%27%20width%3D%272560%27%20height%3D%271920%27%20viewBox%3D%270%200%202560%201920%27%3E%3Crect%20width%3D%272560%27%20height%3D%271920%27%20fill-opacity%3D%220%22%2F%3E%3C%2Fsvg%3E\" data-orig-src=\"https:\/\/www.ff-oberrosenberg.at\/www\/wp-content\/uploads\/2024\/02\/20231208_133658-scaled.jpg\" data-srcset=\"https:\/\/www.ff-oberrosenberg.at\/www\/wp-content\/uploads\/2024\/02\/20231208_133658-200x150.jpg 200w, https:\/\/www.ff-oberrosenberg.at\/www\/wp-content\/uploads\/2024\/02\/20231208_133658-400x300.jpg 400w, https:\/\/www.ff-oberrosenberg.at\/www\/wp-content\/uploads\/2024\/02\/20231208_133658-600x450.jpg 600w, https:\/\/www.ff-oberrosenberg.at\/www\/wp-content\/uploads\/2024\/02\/20231208_133658-800x600.jpg 800w, https:\/\/www.ff-oberrosenberg.at\/www\/wp-content\/uploads\/2024\/02\/20231208_133658-1200x900.jpg 1200w, https:\/\/www.ff-oberrosenberg.at\/www\/wp-content\/uploads\/2024\/02\/20231208_133658-scaled.jpg 2560w\" data-sizes=\"auto\" \/><div class=\"fusion-rollover\">\n\t<div class=\"fusion-rollover-content\">\n\n\t\t\t\t\t\t\t\t\t\t\t\t\t\t<a class=\"fusion-rollover-link\" href=\"https:\/\/www.ff-oberrosenberg.at\/www\/2023\/12\/08\/weihnachtsfeier-2023\/\">Weihnachtsfeier 2023<\/a>\n\t\t\t\n\t\t\t\t\t\t\t\t\t\t\t\t\t\t\n\t\t\t\t\t\t\t\t\n\t\t\t\t\t\t\t\t\t\t\t\t\t<div class=\"fusion-rollover-sep\"><\/div>\n\t\t\t\t\n\t\t\t\t\t\t\t\t\t\t\t\t\t\t\t\t\t\t<a class=\"fusion-rollover-gallery\" href=\"https:\/\/www.ff-oberrosenberg.at\/www\/wp-content\/uploads\/2024\/02\/20231208_133658-scaled.jpg\" data-id=\"1929\" data-rel=\"iLightbox[gallery]\" data-title=\"20231208_133658\" data-caption=\"\">\n\t\t\t\t\t\tGallerie\t\t\t\t\t<\/a>\n\t\t\t\t\t\t\t\t\t\t\t\t\t\t\n\t\t\n\t\t\t\t\t\t\t\t\n\t\t\t\t\t\t\t\t\n\t\t\n\t\t\t\t\t\t<a class=\"fusion-link-wrapper\" href=\"https:\/\/www.ff-oberrosenberg.at\/www\/2023\/12\/08\/weihnachtsfeier-2023\/\" aria-label=\"Weihnachtsfeier 2023\"><\/a>\n\t<\/div>\n<\/div>\n<\/div>\n<\/li>\n\t\t\t\n\t\t\t\n\t\t\t\t\t\t\t\t\t\t\t\t\t\t\t\t\t\t\t\t\t\t\t\t\t\t\t\t\t\t\t\t\t\t\t\t\t\t\t\t\t\t\t\t\t\t\t\t\t\t\t\t\t\t\t\t\t\t\t\t\t\t\t\t\t\t\t\t<\/ul>\n\t<\/div>\n\t<div class=\"fusion-post-content-wrapper\" style=\"padding:30px 25px 20px 25px;\"><div class=\"fusion-post-content post-content\"><h2 class=\"blog-shortcode-post-title entry-title\"><a href=\"https:\/\/www.ff-oberrosenberg.at\/www\/2023\/12\/08\/weihnachtsfeier-2023\/\">Weihnachtsfeier 2023<\/a><\/h2><div class=\"fusion-post-content-container\"><p>Zum Album<\/p><\/div><\/div><\/div><div class=\"fusion-clearfix\"><\/div><\/div>\n<\/article>\n<article id=\"blog-1-post-1918\" class=\"fusion-post-grid post-1918 post type-post status-publish format-standard has-post-thumbnail hentry category-aktuell category-uebungen\">\n<div class=\"fusion-post-wrapper\" style=\"background-color:rgba(255,255,255,0);border:1px solid #3e3e3e;border-bottom-width:3px;\">\n\n\t\t\t<div class=\"fusion-flexslider flexslider fusion-flexslider-loading fusion-post-slideshow\" style=\"border-color:#3e3e3e;\">\n\t\t<ul class=\"slides\">\n\t\t\t\n\t\t\t\t\t\t\t\t\t\t\t\t\t\t<li><div  class=\"fusion-image-wrapper\" aria-haspopup=\"true\">\n\t\t\t\t<img decoding=\"async\" width=\"1920\" height=\"2560\" src=\"https:\/\/www.ff-oberrosenberg.at\/www\/wp-content\/uploads\/2024\/02\/53371313942_b9e4257079_o-scaled.jpg\" class=\"attachment-full size-full lazyload wp-post-image\" alt=\"\" srcset=\"data:image\/svg+xml,%3Csvg%20xmlns%3D%27http%3A%2F%2Fwww.w3.org%2F2000%2Fsvg%27%20width%3D%271920%27%20height%3D%272560%27%20viewBox%3D%270%200%201920%202560%27%3E%3Crect%20width%3D%271920%27%20height%3D%272560%27%20fill-opacity%3D%220%22%2F%3E%3C%2Fsvg%3E\" data-orig-src=\"https:\/\/www.ff-oberrosenberg.at\/www\/wp-content\/uploads\/2024\/02\/53371313942_b9e4257079_o-scaled.jpg\" data-srcset=\"https:\/\/www.ff-oberrosenberg.at\/www\/wp-content\/uploads\/2024\/02\/53371313942_b9e4257079_o-200x267.jpg 200w, https:\/\/www.ff-oberrosenberg.at\/www\/wp-content\/uploads\/2024\/02\/53371313942_b9e4257079_o-400x533.jpg 400w, https:\/\/www.ff-oberrosenberg.at\/www\/wp-content\/uploads\/2024\/02\/53371313942_b9e4257079_o-600x800.jpg 600w, https:\/\/www.ff-oberrosenberg.at\/www\/wp-content\/uploads\/2024\/02\/53371313942_b9e4257079_o-800x1067.jpg 800w, https:\/\/www.ff-oberrosenberg.at\/www\/wp-content\/uploads\/2024\/02\/53371313942_b9e4257079_o-1200x1600.jpg 1200w, https:\/\/www.ff-oberrosenberg.at\/www\/wp-content\/uploads\/2024\/02\/53371313942_b9e4257079_o-scaled.jpg 1920w\" data-sizes=\"auto\" \/><div class=\"fusion-rollover\">\n\t<div class=\"fusion-rollover-content\">\n\n\t\t\t\t\t\t\t\t\t\t\t\t\t\t<a class=\"fusion-rollover-link\" href=\"https:\/\/www.ff-oberrosenberg.at\/www\/2023\/12\/03\/abschnittsuebung-2023\/\">Abschnitts\u00fcbung 2023<\/a>\n\t\t\t\n\t\t\t\t\t\t\t\t\t\t\t\t\t\t\n\t\t\t\t\t\t\t\t\n\t\t\t\t\t\t\t\t\t\t\t\t\t<div class=\"fusion-rollover-sep\"><\/div>\n\t\t\t\t\n\t\t\t\t\t\t\t\t\t\t\t\t\t\t\t\t\t\t<a class=\"fusion-rollover-gallery\" href=\"https:\/\/www.ff-oberrosenberg.at\/www\/wp-content\/uploads\/2024\/02\/53371313942_b9e4257079_o-scaled.jpg\" data-id=\"1918\" data-rel=\"iLightbox[gallery]\" data-title=\"53371313942_b9e4257079_o\" data-caption=\"\">\n\t\t\t\t\t\tGallerie\t\t\t\t\t<\/a>\n\t\t\t\t\t\t\t\t\t\t\t\t\t\t\n\t\t\n\t\t\t\t\t\t\t\t\n\t\t\t\t\t\t\t\t\n\t\t\n\t\t\t\t\t\t<a class=\"fusion-link-wrapper\" href=\"https:\/\/www.ff-oberrosenberg.at\/www\/2023\/12\/03\/abschnittsuebung-2023\/\" aria-label=\"Abschnitts\u00fcbung 2023\"><\/a>\n\t<\/div>\n<\/div>\n<\/div>\n<\/li>\n\t\t\t\n\t\t\t\n\t\t\t\t\t\t\t\t\t\t\t\t\t\t\t\t\t\t\t\t\t\t\t\t\t\t\t\t\t\t\t\t\t\t\t\t\t\t\t\t\t\t\t\t\t\t\t\t\t\t\t\t\t\t\t\t\t\t\t\t\t\t\t\t\t\t\t\t<\/ul>\n\t<\/div>\n\t<div class=\"fusion-post-content-wrapper\" style=\"padding:30px 25px 20px 25px;\"><div class=\"fusion-post-content post-content\"><h2 class=\"blog-shortcode-post-title entry-title\"><a href=\"https:\/\/www.ff-oberrosenberg.at\/www\/2023\/12\/03\/abschnittsuebung-2023\/\">Abschnitts\u00fcbung 2023<\/a><\/h2><div class=\"fusion-post-content-container\"><p>Am\u00a002. Dezember 2023 fand an der Mittelschule St. Peter am Ottersbach die allj\u00e4hrliche Feuerwehrabschnitts\u00fcbung statt. Diese \u00dcbung ist ein wichtiger Bestandteil unserer Sicherheitsvorbereitungen und dient dazu auf den Ernstfall vorzubereiten. Zum Foto Album<\/p><\/div><\/div><\/div><div class=\"fusion-clearfix\"><\/div><\/div>\n<\/article>\n<article id=\"blog-1-post-1907\" class=\"fusion-post-grid post-1907 post type-post status-publish format-standard has-post-thumbnail hentry category-veranstaltungen\">\n<div class=\"fusion-post-wrapper\" style=\"background-color:rgba(255,255,255,0);border:1px solid #3e3e3e;border-bottom-width:3px;\">\n\n\t\t\t<div class=\"fusion-flexslider flexslider fusion-flexslider-loading fusion-post-slideshow\" style=\"border-color:#3e3e3e;\">\n\t\t<ul class=\"slides\">\n\t\t\t\n\t\t\t\t\t\t\t\t\t\t\t\t\t\t<li><div  class=\"fusion-image-wrapper\" aria-haspopup=\"true\">\n\t\t\t\t<img decoding=\"async\" width=\"2560\" height=\"1920\" src=\"https:\/\/www.ff-oberrosenberg.at\/www\/wp-content\/uploads\/2024\/02\/53370776955_110d131001_o-scaled.jpg\" class=\"attachment-full size-full lazyload wp-post-image\" alt=\"\" srcset=\"data:image\/svg+xml,%3Csvg%20xmlns%3D%27http%3A%2F%2Fwww.w3.org%2F2000%2Fsvg%27%20width%3D%272560%27%20height%3D%271920%27%20viewBox%3D%270%200%202560%201920%27%3E%3Crect%20width%3D%272560%27%20height%3D%271920%27%20fill-opacity%3D%220%22%2F%3E%3C%2Fsvg%3E\" data-orig-src=\"https:\/\/www.ff-oberrosenberg.at\/www\/wp-content\/uploads\/2024\/02\/53370776955_110d131001_o-scaled.jpg\" data-srcset=\"https:\/\/www.ff-oberrosenberg.at\/www\/wp-content\/uploads\/2024\/02\/53370776955_110d131001_o-200x150.jpg 200w, https:\/\/www.ff-oberrosenberg.at\/www\/wp-content\/uploads\/2024\/02\/53370776955_110d131001_o-400x300.jpg 400w, https:\/\/www.ff-oberrosenberg.at\/www\/wp-content\/uploads\/2024\/02\/53370776955_110d131001_o-600x450.jpg 600w, https:\/\/www.ff-oberrosenberg.at\/www\/wp-content\/uploads\/2024\/02\/53370776955_110d131001_o-800x600.jpg 800w, https:\/\/www.ff-oberrosenberg.at\/www\/wp-content\/uploads\/2024\/02\/53370776955_110d131001_o-1200x900.jpg 1200w, https:\/\/www.ff-oberrosenberg.at\/www\/wp-content\/uploads\/2024\/02\/53370776955_110d131001_o-scaled.jpg 2560w\" data-sizes=\"auto\" \/><div class=\"fusion-rollover\">\n\t<div class=\"fusion-rollover-content\">\n\n\t\t\t\t\t\t\t\t\t\t\t\t\t\t<a class=\"fusion-rollover-link\" href=\"https:\/\/www.ff-oberrosenberg.at\/www\/2023\/12\/01\/weihnachtsfeier-senioren-2023\/\">Weihnachtsfeier Senioren 2023<\/a>\n\t\t\t\n\t\t\t\t\t\t\t\t\t\t\t\t\t\t\n\t\t\t\t\t\t\t\t\n\t\t\t\t\t\t\t\t\t\t\t\t\t<div class=\"fusion-rollover-sep\"><\/div>\n\t\t\t\t\n\t\t\t\t\t\t\t\t\t\t\t\t\t\t\t\t\t\t<a class=\"fusion-rollover-gallery\" href=\"https:\/\/www.ff-oberrosenberg.at\/www\/wp-content\/uploads\/2024\/02\/53370776955_110d131001_o-scaled.jpg\" data-id=\"1907\" data-rel=\"iLightbox[gallery]\" data-title=\"53370776955_110d131001_o\" data-caption=\"\">\n\t\t\t\t\t\tGallerie\t\t\t\t\t<\/a>\n\t\t\t\t\t\t\t\t\t\t\t\t\t\t\n\t\t\n\t\t\t\t\t\t\t\t\n\t\t\t\t\t\t\t\t\n\t\t\n\t\t\t\t\t\t<a class=\"fusion-link-wrapper\" href=\"https:\/\/www.ff-oberrosenberg.at\/www\/2023\/12\/01\/weihnachtsfeier-senioren-2023\/\" aria-label=\"Weihnachtsfeier Senioren 2023\"><\/a>\n\t<\/div>\n<\/div>\n<\/div>\n<\/li>\n\t\t\t\n\t\t\t\n\t\t\t\t\t\t\t\t\t\t\t\t\t\t\t\t\t\t\t\t\t\t\t\t\t\t\t\t\t\t\t\t\t\t\t\t\t\t\t\t\t\t\t\t\t\t\t\t\t\t\t\t\t\t\t\t\t\t\t\t\t\t\t\t\t\t\t\t<\/ul>\n\t<\/div>\n\t<div class=\"fusion-post-content-wrapper\" style=\"padding:30px 25px 20px 25px;\"><div class=\"fusion-post-content post-content\"><h2 class=\"blog-shortcode-post-title entry-title\"><a href=\"https:\/\/www.ff-oberrosenberg.at\/www\/2023\/12\/01\/weihnachtsfeier-senioren-2023\/\">Weihnachtsfeier Senioren 2023<\/a><\/h2><div class=\"fusion-post-content-container\"><p> Die\u00a0Senioren Weihnachtsfeier 2023\u00a0des\u00a0Bezirksfeuerwehrverbands Bad Radkersburg\u00a0fand in einem festlich geschm\u00fcckten Saal statt. Die Teilnehmerinnen und Teilnehmer genossen die besinnliche Atmosph\u00e4re, w\u00e4hrend Lichterketten den Raum erhellten. Es wurde ein reichhaltiges Buffet mit hausgemachten Keksen, Lebkuchen und [...]<\/p><\/div><\/div><\/div><div class=\"fusion-clearfix\"><\/div><\/div>\n<\/article>\n<div class=\"fusion-clearfix\"><\/div><\/div><div class=\"fusion-infinite-scroll-trigger\"><\/div><div class=\"pagination infinite-scroll clearfix\" style=\"display:none;\"><span class=\"current\">1<\/span><a href=\"https:\/\/www.ff-oberrosenberg.at\/www\/wp-json\/wp\/v2\/pages\/82\/page\/2\/\" class=\"inactive\">2<\/a><a class=\"pagination-next\" rel=\"next\" href=\"https:\/\/www.ff-oberrosenberg.at\/www\/wp-json\/wp\/v2\/pages\/82\/page\/2\/\"><span class=\"page-text\">Vor<\/span><span class=\"page-next\"><\/span><\/a><\/div><div class=\"fusion-clearfix\"><\/div><\/div><div class=\"fusion-clearfix\"><\/div><\/div><\/div><\/div><\/div>\n","protected":false},"excerpt":{"rendered":"","protected":false},"author":1,"featured_media":0,"parent":0,"menu_order":0,"comment_status":"open","ping_status":"open","template":"100-width.php","meta":{"footnotes":""},"class_list":["post-82","page","type-page","status-publish","hentry"],"_links":{"self":[{"href":"https:\/\/www.ff-oberrosenberg.at\/www\/wp-json\/wp\/v2\/pages\/82"}],"collection":[{"href":"https:\/\/www.ff-oberrosenberg.at\/www\/wp-json\/wp\/v2\/pages"}],"about":[{"href":"https:\/\/www.ff-oberrosenberg.at\/www\/wp-json\/wp\/v2\/types\/page"}],"author":[{"embeddable":true,"href":"https:\/\/www.ff-oberrosenberg.at\/www\/wp-json\/wp\/v2\/users\/1"}],"replies":[{"embeddable":true,"href":"https:\/\/www.ff-oberrosenberg.at\/www\/wp-json\/wp\/v2\/comments?post=82"}],"version-history":[{"count":5,"href":"https:\/\/www.ff-oberrosenberg.at\/www\/wp-json\/wp\/v2\/pages\/82\/revisions"}],"predecessor-version":[{"id":1386,"href":"https:\/\/www.ff-oberrosenberg.at\/www\/wp-json\/wp\/v2\/pages\/82\/revisions\/1386"}],"wp:attachment":[{"href":"https:\/\/www.ff-oberrosenberg.at\/www\/wp-json\/wp\/v2\/media?parent=82"}],"curies":[{"name":"wp","href":"https:\/\/api.w.org\/{rel}","templated":true}]}}