{"id":1380,"date":"2019-12-23T09:35:08","date_gmt":"2019-12-23T08:35:08","guid":{"rendered":"https:\/\/www.ff-oberrosenberg.at\/www\/?page_id=1380"},"modified":"2019-12-23T09:44:26","modified_gmt":"2019-12-23T08:44:26","slug":"impressum-datenschutz","status":"publish","type":"page","link":"https:\/\/www.ff-oberrosenberg.at\/www\/impressum-datenschutz\/","title":{"rendered":"Impressum &#038; Datenschutz"},"content":{"rendered":"<div class=\"fusion-fullwidth fullwidth-box fusion-builder-row-1 nonhundred-percent-fullwidth non-hundred-percent-height-scrolling\" style=\"background-color: #242424;background-position: center center;background-repeat: no-repeat;padding-top:80px;padding-right:0px;padding-bottom:100px;padding-left:0px;margin-bottom: 0px;margin-top: 0px;border-width: 0px 0px 0px 0px;border-color:#3e3e3e;border-style:solid;\" ><div class=\"fusion-builder-row fusion-row\"><div class=\"fusion-layout-column fusion_builder_column fusion-builder-column-0 fusion_builder_column_1_1 1_1 fusion-one-full fusion-column-first fusion-column-last\" style=\"margin-top:0px;margin-bottom:0px;\"><div class=\"fusion-column-wrapper fusion-flex-column-wrapper-legacy\" style=\"background-position:left top;background-repeat:no-repeat;-webkit-background-size:cover;-moz-background-size:cover;-o-background-size:cover;background-size:cover;padding: 0px 0px 0px 0px;\"><div class=\"fusion-text fusion-text-1\"><h2>Herausgeber<\/h2>\n<p>Freiweillige Feuerwehr<br \/>\nOberrosenberg 7<br \/>\n8093 St. Peter am Ottersbach<\/p>\n<h2>Datenschutz und Datensicherheit<\/h2>\n<p>Der Schutz Ihrer pers\u00f6nlichen Daten ist uns wichtig. Wir verarbeiten Ihre Daten daher ausschlie\u00dflich auf Grundlage der gesetzlichen Bestimmungen. In diesen Datenschutzinformationen informieren wir Sie \u00fcber die wichtigsten Aspekte der Datenverarbeitung im Rahmen unserer Website.<\/p>\n<p>Wir verarbeiten und speichern Ihre von Ihnen selbst angegebenen Daten (z.B. durch Eingabe in den Online-Masken auf der Website) in dem f\u00fcr die Gesch\u00e4fts- bzw. Bestellabwicklung erforderlichen Umfang. Eine dar\u00fcber hinausgehende Verwendung von Kundendaten bedarf einer gesonderten Rechtsgrundlage (z.B. explizite Zustimmung zur Zusendung des Newsletters).<\/p>\n<p>Wir setzen technische und organisatorische Sicherheitsma\u00dfnahmen ein, um Ihre verwalteten Daten gegen zuf\u00e4llige oder vors\u00e4tzliche Manipulationen, Verlust, Zerst\u00f6rung oder gegen den Zugriff unautorisierter Personen zu sch\u00fctzen. Die Sicherheitsma\u00dfnahmen werden entsprechend der technologischen Entwicklung fortlaufend verbessert.<\/p>\n<p><strong>Geltungsbereich<\/strong><br \/>\nDiese Datenschutzerkl\u00e4rung von Nico KFZ Meisterbetrieb ist Teil der Allgemeinen Gesch\u00e4ftsbedingungen f\u00fcr Rechtsgesch\u00e4fte und gilt f\u00fcr die Nutzung der Website www.kfz-nico.at, einschlie\u00dflich aller Subdomains (im Folgenden zusammen kurz \u201eWebsite\u201c) sowie f\u00fcr die Nutzung von Diensten (z.B. Newsletter, Kontaktformular), die gegebenenfalls \u00fcber die Website angeboten werden, durch nat\u00fcrliche und juristische Personen (im Folgenden kurz \u201eUser\u201c). Jede Nutzung der Website durch den User setzt dessen Einverst\u00e4ndnis mit dieser Datenschutzerkl\u00e4rung voraus.<\/p>\n<p><strong>Datenerfassung<\/strong><br \/>\nEine Datenerfassung erfolgt zum einem, dass Sie uns diese mitteilen (z.B. Kontaktformular) und teilweise automatisch beim Besuch der Website durch IT-Systeme oder Cloud-Dienste. Die Daten werden sowohl f\u00fcr einen fehlerfreien Betrieb der Website, als auch zur Analyse verwendet.<\/p>\n<p>Die Datenverarbeitung erfolgt durch unseren Website-Betreiber:<br \/>\n1&amp;1 Internet SE<br \/>\nGumpendorfer Stra\u00dfe 142\/PF 266<br \/>\n1060 Wien<br \/>\n<span id=\"cloak309996315d08894c46d24e5539bcebfa\"><a href=\"mailto:info@1und1.de\">info@1und1.de<\/a><\/span><\/p>\n<p><strong>Verwendung von Cookies<\/strong><br \/>\nCookies sind kleine Textdateien, die der Webserver zum Browser des Users sendet, sobald der User die Website besucht. Je nach Einstellung des Browsers des Users werden diese Cookie-Dateien auf dem Computer des Users gespeichert oder abgelehnt. Werden diese gespeichert, so erm\u00f6glichen sie die Wiedererkennung des Rechners des Users bei einem erneuten Besuch der Website oder bei einem Wechsel zwischen Funktionen, die eine Passworteingabe erfordern. Dies erleichtert einerseits dem User die Benutzung der Website, sofern diese Benutzereingaben erfordert und erm\u00f6glicht uns andererseits, die Webanalyse (siehe unten) durchzuf\u00fchren.<\/p>\n<p>Cookies k\u00f6nnen im Allgemeinen jederzeit durch entsprechende Browsereinstellungen abgelehnt oder gel\u00f6scht werden. In diesem Fall ist jedoch zu beachten, dass nicht mehr alle Funktionalit\u00e4ten der Website wie z.B. das F\u00fcllen des Warenkorbs vollst\u00e4ndig nutzbar sind. Cookies stellen keine Gefahr f\u00fcr den Rechner des Users dar, zumal es sich nur um Textbausteine und keine ausf\u00fchrbaren Computerprogramme handelt. Cookies erm\u00f6glichen es insbesondere nicht, Viren zu \u00fcbertragen, Festplattendaten auszulesen, E-Mail-Adressen in Erfahrung zu bringen, E-Mails unbemerkt zu versenden und k\u00f6nnen \u00fcberdies nicht von anderen Webservern ausgelesen werden.<\/p>\n<p><strong>Webanalyse<\/strong><br \/>\nDiese Website benutzt Google Analytics, einen Webanalysedienst der Google LLC (\u201eGoogle\u201c). Google Analytics verwendet Cookies, die auf Ihrem Computer gespeichert werden und die eine Analyse der Benutzung der Website durch Sie erm\u00f6glichen. Die durch die Cookies erzeugten Informationen \u00fcber Ihre Benutzung dieser Website werden in der Regel an einen Server von Google in den USA \u00fcbertragen und dort gespeichert. Google bietet Ihnen ein Browser-Add-on an, welches Google Analytics deaktiviert. Alle Informationen dazu finden Sie auf: support.google.com\/analytics\/answer\/181881. Das Browser-Add-on k\u00f6nnen Sie hier herunterladen: tools.google.com\/dlpage\/gaoptout.<\/p>\n<p>Die IP-Anonymisierung auf dieser Website stellt sicher, dass Ihre IP-Adresse anonymisiert an Google \u00fcbergeben wird. Die IP-Adresse 12.214.31.144 w\u00fcrde beispielsweise in 12.214.31.0 ge\u00e4ndert. Erst nach diesem Anonymisierungsprozess wird die Anforderung zur Verarbeitung auf die Festplatte geschrieben. Bei der IP-Anonymisierungsmethode wird die vollst\u00e4ndige IP-Adresse zu keinem Zeitpunkt auf die Festplatte geschrieben, da die gesamte Anonymisierung fast unmittelbar nach Erhalt der Anforderung im Speicher erfolgt.<\/p>\n<p>Im Auftrag des Betreibers dieser Website wird Google, die durch die Cookies erhaltenen Informationen benutzen, um Ihre Nutzung der Website auszuwerten, um Reports \u00fcber die Websiteaktivit\u00e4ten zusammenzustellen und um weitere mit der Websitenutzung und der Internetnutzung verbundene Dienstleistungen gegen\u00fcber dem Websitebetreiber zu erbringen. Die im Rahmen von Google Analytics von Ihrem Browser \u00fcbermittelte IP-Adresse wird nicht mit anderen Daten von Google zusammengef\u00fchrt.<\/p>\n<p>Sie k\u00f6nnen dar\u00fcber hinaus die Erfassung, der durch das Cookie erzeugten und auf Ihre Nutzung der Website bezogenen Daten (inkl. Ihrer IP-Adresse) an Google sowie die Verarbeitung dieser Daten durch Google verhindern, indem sie das unter dem folgenden Link verf\u00fcgbare Browser-Plugin herunterladen und installieren: tools.google.com\/dlpage\/gaoptout<\/p>\n<p>Die Beziehung zum Webanalyseanbieter basiert auf dem \u201eEU-U.S. Privacy Shield Framework\u201c. Die Datenverarbeitung erfolgt auf Basis der gesetzlichen Bestimmungen des \u00a7 96 Abs 3 TKG sowie des Art. 6 Abs. 1 lit. a (Einwilligung) und\/oder f (berechtigtes Interesse) der DSGVO. Unser Anliegen im Sinne der DSGVO (berechtigtes Interesse) ist die Verbesserung unseres Angebotes und unseres Webauftritts.<\/p>\n<p><strong>Google Web Fonts<\/strong><br \/>\nDiese Website nutzt zur einheitlichen Darstellung von Schriftarten so genannte Web Fonts, die von Google bereitgestellt werden. Beim Aufruf einer Seite l\u00e4dt Ihr Browser die ben\u00f6tigten Web Fonts in ihren Browsercache, um Texte und Schriftarten korrekt anzuzeigen.<\/p>\n<p>Zu diesem Zweck muss der von Ihnen verwendete Browser Verbindung zu den Servern von Google aufnehmen. Hierdurch erlangt Google Kenntnis dar\u00fcber, dass \u00fcber Ihre IP-Adresse unsere Website aufgerufen wurde. Die Nutzung von Google Web Fonts erfolgt im Interesse einer einheitlichen und ansprechenden Darstellung unserer Online-Angebote. Dies stellt ein berechtigtes Interesse im Sinne von Art. 6 Abs. 1 lit. f DSGVO dar. Wenn Ihr Browser Web Fonts nicht unterst\u00fctzt, wird eine Standardschrift von Ihrem Computer genutzt.<\/p>\n<p>Weitere Informationen zu Google Web Fonts finden Sie unter developers.google.com\/fonts\/faq und in der Datenschutzerkl\u00e4rung von Google: www.google.com\/policies\/privacy\/.<\/p>\n<p><strong>Server Log-Dateien<\/strong><br \/>\nDer Provider der Seiten erhebt und speichert automatisch Informationen in sogenannten Server-Log-Dateien, die Ihr Browser automatisch an uns \u00fcbermittelt. Dies sind:<\/p>\n<ul>\n<li>Browsertyp und Browserversion<\/li>\n<li>verwendetes Betriebssystem<\/li>\n<li>Referrer URL<\/li>\n<li>Hostname des zugreifenden Rechners<\/li>\n<li>Uhrzeit der Serveranfrage<\/li>\n<li>IP-Adresse<\/li>\n<\/ul>\n<p>Eine Zusammenf\u00fchrung dieser Daten mit anderen Datenquellen wird nicht vorgenommen. Um etwaige technische Anfragen im Nachhinein analysieren zu k\u00f6nnen, ist die Verwendung von Server Log-Dateien unerl\u00e4sslich, dies stellt ein berechtigtes Interesse im Sinne von Art. 6 Abs. 1 lit. f DSGVO dar.<\/p>\n<p><strong>Social Plugins, Follow Button, Custom Audience<\/strong><br \/>\nAuf dieser Website sind Programme von sozialen Netzwerken (Plugins) wie z.B. Facebook, Instagram, Pinterest enthalten, welche von diesen betrieben werden. Diese Plugins sind im Rahmen unseres Internetauftrittes mit dem Logo oder Icon des jeweiligen sozialen Netzwerks gekennzeichnet. Beim Besuch unserer Website, welche ein derartiges Plugin beinhaltet, stellt Ihr Browser eine direkte Verbindung mit den Servern des sozialen Netzwerks her, wodurch der Inhalt des Plugins an Ihren Browser \u00fcbermittelt und von diesem in die dargestellte Website eingebunden wird. Dadurch wird die Information, dass Sie unsere Website besucht haben, an das soziale Netzwerk weitergeleitet. Wird ein derart gekennzeichnetes Plugin auf der Website im eingeloggten Zustand aufgerufen, so ist eine Zuordnung der Daten zum Benutzerkonto des sozialen Netzwerks m\u00f6glich. Bei Interaktion mit einem Plugin wie z.B. bei Bet\u00e4tigen des \u201eGef\u00e4llt mir\u201c-Buttons oder bei Abgabe eines Kommentars auf Facebook wird die entsprechende Information direkt von Ihrem Browser an das soziale Netzwerk \u00fcbermittelt und dort gespeichert. Das Ausloggen beim sozialen Netzwerk vor dem Besuch unserer Website verhindert eine Zuordnung der Daten zu Ihrem Benutzerkonto. Hinsichtlich des Zwecks und Umfangs der Datenverarbeitung durch soziale Netzwerke sowie den Einstellungsm\u00f6glichkeiten zum Schutz der Privatsph\u00e4re wird auf die jeweiligen Datenschutzhinweise auf den Websites der sozialen Netzwerke verwiesen.<\/p>\n<p>Die Website verwendet die Funktion \u201eCustom Audiences\u201c des sozialen Netzwerks Facebook. Diese Funktion erm\u00f6glicht die Bereitstellung von zielgruppengerichteter Werbung an die User. Dabei kommen so genannte Remarketing-Tags zum Einsatz, \u00fcber die eine direkte Verbindung zwischen dem Browser des Users und dem Facebook-Server hergestellt wird. Facebook erh\u00e4lt dadurch die Information, dass der User mit seiner IP-Adresse die Website besucht hat, und kann den Besuch so dem Facebook-Benutzerkonto des Users zuordnen. Wir erhalten die Information, dass Sie \u00fcber ein Facebook-Benutzerkonto verf\u00fcgen und k\u00f6nnen Sie durch die Anzeige von Facebook-Ads \u00fcber Neuigkeiten auf der Website, etc. informieren und Sie auch zu Zwecken der Direktwerbung kontaktieren. Sie haben die M\u00f6glichkeit zum Opt-Out und k\u00f6nnen der Nutzung Ihrer Daten im Rahmen von Custom Audiences jederzeit widersprechen, indem Sie auf der Facebook-Seite www.facebook.com\/ads\/website_custom_audiences\/ auf den Button \u201eAbbestellen\u201c klicken. Wir weisen darauf hin, dass wir als Betreiber der Websites keine Kenntnis vom Inhalt der im Rahmen von Custom Audiences \u00fcbermittelten Daten sowie deren Nutzung durch Facebook erh\u00e4lt. Weitere Informationen zur Datenverwendung durch Facebook unter: www.facebook.com\/about\/privacy.<\/p>\n<p><strong>Kontakt mit uns<\/strong><br \/>\nWenn Sie per E-Mail-Kontakt mit uns aufnehmen, werden Ihre angegebenen Daten zwecks Bearbeitung der Anfrage und f\u00fcr den Fall von Anschlussfragen 7 Jahre bei uns gespeichert. Diese Daten geben wir nicht ohne Ihre Einwilligung weiter.<\/p>\n<p><strong>Ihre Rechte<\/strong><br \/>\nIhnen stehen grunds\u00e4tzlich die Rechte auf Auskunft, Berichtigung, L\u00f6schung, Einschr\u00e4nkung, Daten\u00fcbertragbarkeit, Widerruf und Widerspruch zu.<\/p>\n<p>Wenn Sie glauben, dass die Verarbeitung Ihrer Daten gegen das Datenschutzrecht verst\u00f6\u00dft oder Ihre datenschutzrechtlichen Anspr\u00fcche sonst in einer Weise verletzt worden sind, k\u00f6nnen Sie sich bei der Aufsichtsbeh\u00f6rde beschweren. In \u00d6sterreich ist dies die Datenschutzbeh\u00f6rde.<\/p>\n<p><strong>Verantwortliche Stelle<\/strong><br \/>\nDie verantwortliche Stelle f\u00fcr die Datenverarbeitung auf dieser Website ist:<\/p>\n<p>Freiweillige Feuerwehr<br \/>\nOberrosenberg 7<br \/>\n8093 St. Peter am Ottersbach<\/p>\n<p><span id=\"cloakf2c627825a7c1a10d68d133f4d4486c0\"><a href=\"mailto:office@ff-oberrosenberg.at\">office@ff-oberrosenberg.at<\/a><\/span><\/p>\n<h2>Rechtlicher Hinweis<\/h2>\n<p>Unerlaubtes Verwenden von Texten, Bildern oder anderen Inhalten dieser Webseite ist nicht gestattet.<\/p>\n<p>FF-Oberrosenberg\u00a0\u00fcbernimmt keinerlei Gew\u00e4hr f\u00fcr die Aktualit\u00e4t, Korrektheit, Vollst\u00e4ndigkeit oder Qualit\u00e4t der bereitgestellten Informationen. Ausdr\u00fccklich wird das Recht vorbehalten, \u00c4nderungen oder Erg\u00e4nzungen an den bereitgestellten Informationen vorzunehmen. F\u00fcr Internetseiten Dritter, auf die\u00a0FF-Oberrosenberg durch Hyperlink verweist, wird jedwede Haftung ausgeschlossen, die alleinige Verantwortung tr\u00e4gt in diesem Fall ausschlie\u00dflich der jeweilige Anbieter. F\u00fcr den umgekehrten Fall, dass unsere Webseite von einer anderen Webseite mittels Hyperlink angelinkt wird, gilt, dass\u00a0FF-Oberrosenberg weder die Verantwortung f\u00fcr diese Darstellungen und Inhalte noch f\u00fcr irgendeine Verbindung zu\u00a0FF-Oberrosenberg in Webseiten Dritter \u00fcbernimmt.<\/p>\n<\/div><div class=\"imageframe-align-center\"><span class=\" fusion-imageframe imageframe-none imageframe-1 hover-type-none\"><img decoding=\"async\" width=\"30\" height=\"12\" title=\"divider-xx-red\" src=\"data:image\/svg+xml,%3Csvg%20xmlns%3D%27http%3A%2F%2Fwww.w3.org%2F2000%2Fsvg%27%20width%3D%2730%27%20height%3D%2712%27%20viewBox%3D%270%200%2030%2012%27%3E%3Crect%20width%3D%2730%27%20height%3D%2712%27%20fill-opacity%3D%220%22%2F%3E%3C%2Fsvg%3E\" data-orig-src=\"https:\/\/www.ff-oberrosenberg.at\/www\/wp-content\/uploads\/2015\/05\/divider-xx-red.png\" alt class=\"lazyload img-responsive wp-image-120\"\/><\/span><\/div><div class=\"fusion-clearfix\"><\/div><\/div><\/div><\/div><\/div>\n","protected":false},"excerpt":{"rendered":"","protected":false},"author":1,"featured_media":0,"parent":0,"menu_order":0,"comment_status":"closed","ping_status":"closed","template":"","meta":{"footnotes":""},"class_list":["post-1380","page","type-page","status-publish","hentry"],"_links":{"self":[{"href":"https:\/\/www.ff-oberrosenberg.at\/www\/wp-json\/wp\/v2\/pages\/1380"}],"collection":[{"href":"https:\/\/www.ff-oberrosenberg.at\/www\/wp-json\/wp\/v2\/pages"}],"about":[{"href":"https:\/\/www.ff-oberrosenberg.at\/www\/wp-json\/wp\/v2\/types\/page"}],"author":[{"embeddable":true,"href":"https:\/\/www.ff-oberrosenberg.at\/www\/wp-json\/wp\/v2\/users\/1"}],"replies":[{"embeddable":true,"href":"https:\/\/www.ff-oberrosenberg.at\/www\/wp-json\/wp\/v2\/comments?post=1380"}],"version-history":[{"count":4,"href":"https:\/\/www.ff-oberrosenberg.at\/www\/wp-json\/wp\/v2\/pages\/1380\/revisions"}],"predecessor-version":[{"id":1387,"href":"https:\/\/www.ff-oberrosenberg.at\/www\/wp-json\/wp\/v2\/pages\/1380\/revisions\/1387"}],"wp:attachment":[{"href":"https:\/\/www.ff-oberrosenberg.at\/www\/wp-json\/wp\/v2\/media?parent=1380"}],"curies":[{"name":"wp","href":"https:\/\/api.w.org\/{rel}","templated":true}]}}